**2 - 6*d + 4. Suppose 2*p - 10 = -4*k - p, 0 = -4*k - p + 14. What is the units digit of y(k)?
6
Let h be 13*(9/(6 + -3) - -3). Suppose z = -k + 38 + h, 0 = 5*z + k - 576. What is the hundreds digit of z?
1
Suppose 7*r + 3 = 8*r. Suppose -5*b = -r*c - 395, 3*c - 213 = -4*b + b. What is the tens digit of b?
7
Suppose -233*v + 231*v = -1200. What is the hundreds digit of v?
6
Let k(o) be the second derivative of -o**5/20 + o**4/6 + 5*o**3/6 - o**2/2 - 3*o. Let n be k(4). Let i = 8 - n. What is the units digit of i?
1
Let b(r) be the first derivative of -18*r**4 - r + 12. What is the tens digit of b(-1)?
7
Let m(v) = v**3 + 26*v**2 + 14*v - 56. Let o(g) = -g + 1. Let t(x) = m(x) - 4*o(x). What is the tens digit of t(-25)?
1
What is the hundreds digit of -2*3140/(-32) + 30/40?
1
Let d be 0/(-1)*(-5)/(-5). Let c(p) = 29*p + 2. Let w be c(6). Suppose d*s = -4*s + w. What is the tens digit of s?
4
Let h(s) = -s**3 - 15*s**2 + 11*s + 2. Let y be h(-16). Suppose -y = 2*i - 298. What is the hundreds digit of i?
1
What is the hundreds digit of 2 - (1 + -4933) - (-51 + 44)?
9
Let c = -7 - -9. Suppose -5*j - 4*g = 12, -c*g + 6 = 2*j - 4*g. Let k(f) = -f + 20. What is the units digit of k(j)?
0
Suppose 4*p - 19 = -5*k + p, p = 3*k - 3. Suppose 0 = -2*h + 5 + 9. Suppose h + 11 = k*l. What is the units digit of l?
9
Let a be (0 + (-562)/(-1))/(-2). Let w = -135 - a. What is the hundreds digit of w?
1
Let f(r) = r**2 + 2*r - 3. Let q be (5/(-10))/((-3)/(-18)). Let i be f(q). Suppose i = 3*j + 2*j - 175. What is the tens digit of j?
3
Suppose -3*x = 3*n - 3228, 0*n = 3*n - 12. What is the thousands digit of x?
1
Let r(w) = -w**2 + 3*w + 2. Let m be r(5). Let j be m*(-6 + 2) - -3. What is the tens digit of (2 + j)*-1*-1?
3
Let q(m) = -91*m + 36. Let p be q(-6). Suppose -16*h + 1130 = -p. What is the units digit of h?
7
Let f be (-383 + -1)*6/(-8). Let q = f + -165. Suppose -6*n + q = -75. What is the tens digit of n?
3
Suppose 3*u + 1149 = w, -w + 3*u = 4*u - 1169. What is the hundreds digit of w?
1
Suppose 0 = 3*f - 3*c - 123, 0 = 4*f + 6*c - 4*c - 158. What is the units digit of ((-6)/15)/((-1)/f)?
6
Let o = -129 - -648. What is the tens digit of o?
1
Let q be (-7)/14 - 198/4. What is the tens digit of 1 + 0 + (10 - q)?
6
Suppose 5*q - 1298 + 598 = 0. What is the units digit of q?
0
Let b = -29 - -14. Let l be 6/10 - 2016/b. Suppose 2*h = 3*w + l, h + 2*h + w = 186. What is the units digit of h?
3
Let m(u) = 214*u - 122. What is the tens digit of m(3)?
2
Let b = -1944 - -3804. What is the thousands digit of b?
1
Suppose -3*f = w - 1215, -2*w - 2*f = 3*f - 2435. What is the hundreds digit of w?
2
What is the tens digit of (-8886)/(-39) - (112/(-52) - -2)?
2
Let g(d) = -d**2 - 3*d - 3. Let a be g(0). What is the tens digit of (-58)/((14/a)/7)?
8
Let v(x) = x + 2. Let a be v(-2). Suppose a = 2*p - 0*p + 8. What is the units digit of p/(-2)*(-30)/(-4)?
5
Let p(t) be the first derivative of t**4/2 + 4*t**3/3 + t + 17. What is the hundreds digit of p(4)?
1
Let n be 40/16*(-8)/5. Let j be 8/20*(-260)/n. Let q = j - 3. What is the units digit of q?
3
Suppose -m - 738 = 522. Suppose 6 + 22 = 2*x. What is the tens digit of (4/(-10))/(x/m)?
3
Let q = -12 + 14. Suppose -8 = q*r + 8. What is the tens digit of (-356)/r - 9/6?
4
Let x = 48 - 32. Suppose -11*r - 395 = -x*r. What is the tens digit of r?
7
Suppose -194 = 4*m + 46. Let c = m + 116. What is the units digit of c?
6
Let a be (-5)/(-2)*(-4)/(-5). What is the units digit of (-316)/(-4) + a + 1?
2
Let s(b) = 67*b + 282. What is the units digit of s(36)?
4
Let c = -68 + 122. Suppose -5*k + c = 4. What is the units digit of k/(-45) - (-346)/18?
9
Suppose 185 - 2963 = 6*n. Let l = -326 - n. What is the units digit of l?
7
Suppose 2*m = 7*m - 25. Suppose -h + m*c = -2*h - 21, 5*h + 4*c = 0. Suppose 0*t = h*t + 4*d - 24, 0 = -5*d - 20. What is the units digit of t?
0
Let l(y) = -y**3 - 4*y**2 + 2*y + 6. Let j be l(-4). Suppose 17 = -5*g + 112. Let n = g - j. What is the units digit of n?
1
Suppose -4*s + 0 = -20. Suppose b + 588 = s*k, -357 = -k - 2*k + 2*b. Suppose 0*d - k = -3*d. What is the units digit of d?
9
Suppose -2*z - 2 + 11 = -5*i, 21 = -4*z - 3*i. Let v be z/9 - (-65)/15. Let d(p) = 10*p + 5. What is the units digit of d(v)?
5
Let k(o) = -16*o - 26. What is the units digit of k(-6)?
0
Suppose 11 - 27 = -4*n. Suppose -n*s - 37 + 105 = 0. What is the tens digit of s?
1
Let f = 2028 + -795. What is the hundreds digit of f?
2
Suppose -3*y + 1864 = -4*d, 0 = 4*y - 2*d + 584 - 3076. What is the tens digit of y?
2
Let y = -20 + 35. Let h be 9/(-12) - y/(-20). Suppose h = -5*x - 5*v + 2*v + 160, -3*x + 96 = -v. What is the tens digit of x?
3
Let q(p) be the first derivative of -5 - 6*p - 5*p**2 - 1/3*p**3. What is the units digit of q(-6)?
8
What is the units digit of ((-5)/(-5))/((56/(-1995))/(-8))?
5
Suppose 5*w - 1635 = 525. What is the hundreds digit of w?
4
Let g(a) = a + 8. Let z be g(-4). Suppose t - 28 = z*w, -5*t = 4*w + 17 - 61. Let q = t - -5. What is the units digit of q?
7
Let s = -5 - -3. Let v be (-1)/((2/(-137))/s). What is the units digit of (-14)/35 - v/5?
7
Suppose 5*c + 14 = -6, 5*w - 2*c = 3798. What is the tens digit of w?
5
What is the tens digit of (-782)/(-92)*(133 + -1)?
2
Suppose 0 = 5*m - 4*r - 651 - 54, 0 = -4*m + 2*r + 564. Suppose 3*k = 2*k - 3*s + 161, -k = -2*s - m. What is the units digit of k?
9
Let r(w) = -2*w - 4. Let o = -11 + 7. Let z be r(o). Suppose -25 + 141 = z*b. What is the units digit of b?
9
Let b(m) be the first derivative of m**3/3 - 9*m**2/2 + 4*m + 1. Let t be 3/2 - (-136)/16. What is the tens digit of b(t)?
1
Let b be 1/(((-28)/(-8))/7). Let d be (-1)/b*(-7 + 1). Suppose 31 = -d*a + 79. What is the tens digit of a?
1
What is the hundreds digit of -28*(-11)/(121/66)?
1
Let h(l) = 6*l + 3. Suppose 11*k - 8*k - 18 = 0. What is the units digit of h(k)?
9
Suppose 5695 + 7493 = 21*v. What is the hundreds digit of v?
6
Let i(u) = 27*u**2 - 13*u + 27. What is the tens digit of i(4)?
0
Suppose -6*n - 5 = 1. Let h be n/3*(23 - 14). What is the units digit of (h - (-40)/15)*-117?
9
Suppose -5*k - 13 = -338. Suppose -5*p = -2*f - k, -p + 5*f + 8 = -5. Suppose p = v - 2. What is the tens digit of v?
1
Let z(d) = d**2 + 5*d - 27. Let n be z(-8). What is the tens digit of -1 - -206 - (-1 + n)?
0
Let w = -30 + 42. Suppose -440 = -w*y + 7*y. Suppose 0 = -a + 3*f - 29 + y, -2*a + 4*f + 116 = 0. What is the tens digit of a?
5
Let f(c) = 2*c**2 - 6*c + 6. Let v be f(4). Suppose -5*m - 2 = 5*z - m, 19 = 5*z - 3*m. What is the tens digit of (v - z)*(1 + 0)?
1
Let x(t) = -15*t - 5. Let a(j) = -5*j + 2. Let r(h) = -h**2 + 5*h + 7. Let b be r(6). Let y be a(b). What is the tens digit of x(y)?
4
Let p = 792 + -656. Let d(t) = -10*t - 8. Let o be d(-7). Let c = p - o. What is the tens digit of c?
7
Suppose -35 = -3*o + 8*o + 2*b, 4*b - 38 = 2*o. Let l(a) = a**2 + 6*a - 12. What is the tens digit of l(o)?
1
Let l(h) = -h**3 + 13*h**2 - 8*h + 1. Let n be l(12). Let s = n + 101. What is the hundreds digit of s?
1
Let a(v) = -2*v + 108. What is the tens digit of a(34)?
4
What is the hundreds digit of (80 - 50)/(6/596)?
9
Suppose 15796 = 49*a - 75442. What is the thousands digit of a?
1
Suppose -p + 35 = 4*p. Let v(m) = 0 - p*m - 3*m + 9 - m**2. What is the units digit of v(-9)?
8
Let u(z) = -2*z**3 - 3*z**2 - z - 5. Let i be (32/20)/(6/(-15)). What is the units digit of u(i)?
9
Suppose 0 = -5*m - 4*q + 7325, -26 = m + 5*q - 1470. What is the hundreds digit of m?
4
Let n(h) = 2*h**2 + 66*h + 48. What is the thousands digit of n(-50)?
1
Suppose 4754 = 9*v - 1816. Suppose -6*m = v - 2278. What is the units digit of m?
8
Suppose -2*q + 20 = 3*g - 7*g, 2*q = -3*g - 1. Suppose 6 = z - q*z. Let o(y) = -4*y**3 + y**2 - 2. What is the units digit of o(z)?
4
Let m(f) = f**3 - 14*f**2 + 12*f + 7. Let k be m(13). Let g(l) = 9*l**2 + 6*l - 13. What is the units digit of g(k)?
5
Suppose -2*l - 5*j = -2*j - 12, -4*j + 23 = 5*l. Suppose -4*s + 182 = -0*q + 3*q, l*s = 15. What is the units digit of q?
4
Let s be 658/4 + (-9)/(-18). Let b = s - 118. Suppose b - 432 = -5*d + 5*j, -2*d - 5*j = -147. What is the tens digit of d?
7
Let i be (-6)/4 + (-566)/(-4). What is the units digit of (2/5)/(1/i)?
6
Let n(b) =